{"id":547,"date":"2022-02-08T09:22:42","date_gmt":"2022-02-08T08:22:42","guid":{"rendered":"https:\/\/virginie.gonnord.com\/?page_id=547"},"modified":"2026-02-10T19:03:14","modified_gmt":"2026-02-10T18:03:14","slug":"mes-competences-dans-le-milieu-de-la-petite-enfance","status":"publish","type":"page","link":"https:\/\/virginie.gonnord.com\/index.php\/mes-competences-dans-le-milieu-de-la-petite-enfance\/","title":{"rendered":"Mes comp\u00e9tences"},"content":{"rendered":"\n<div class=\"wp-block-media-text alignwide is-stacked-on-mobile\"><figure class=\"wp-block-media-text__media\"><img loading=\"lazy\" width=\"1024\" height=\"1024\" src=\"https:\/\/virginie.gonnord.com\/wp-content\/uploads\/2026\/02\/1768839670148-1024x1024.jpg\" alt=\"\" class=\"wp-image-1538 size-full\" srcset=\"https:\/\/virginie.gonnord.com\/wp-content\/uploads\/2026\/02\/1768839670148-1024x1024.jpg 1024w, https:\/\/virginie.gonnord.com\/wp-content\/uploads\/2026\/02\/1768839670148-300x300.jpg 300w, https:\/\/virginie.gonnord.com\/wp-content\/uploads\/2026\/02\/1768839670148-150x150.jpg 150w, https:\/\/virginie.gonnord.com\/wp-content\/uploads\/2026\/02\/1768839670148-768x768.jpg 768w, https:\/\/virginie.gonnord.com\/wp-content\/uploads\/2026\/02\/1768839670148-67x67.jpg 67w, https:\/\/virginie.gonnord.com\/wp-content\/uploads\/2026\/02\/1768839670148.jpg 1506w\" sizes=\"(max-width: 1024px) 100vw, 1024px\" \/><\/figure><div class=\"wp-block-media-text__content\">\n<p class=\"has-large-font-size\">22 ans d&rsquo;exp\u00e9rience au service des familles <\/p>\n\n\n\n<p>\u00ab&nbsp;<em>Une personne dynamique, cr\u00e9ative, au regard bienveillant, qui r\u00e9pond parfaitement au besoins des enfants \u00e0 travers diverses activit\u00e9s ludiques<\/em> \u00ab&nbsp;<\/p>\n\n\n\n<p>Chez l\u2019assistante maternelle, l\u2019enfant \u00e9volue dans un <strong>cadre chaleureux et rassurant<\/strong>, proche de celui de la maison. Ce climat familial favorise la confiance, l\u2019apaisement et un attachement serein, essentiel \u00e0 son bon d\u00e9veloppement \u00e9motionnel.<\/p>\n<\/div><\/div>\n\n\n\n<h4 id=\"mes-formations-dans-le-milieu-de-la-petite-enfance\"><br>Mes formations dans le milieu de la petite enfance<\/h4>\n\n\n\n<p><strong>Formations obligatoires<\/strong> <br>&#8211; Agr\u00e9ment d&rsquo;assistante maternelle d\u00e9livr\u00e9 par le Conseil d\u00e9partemental <br>&#8211; Formation initiale pour exercer<br>&#8211; Participation au programme de formation continue et conf\u00e9rences<br>&#8211; Dipl\u00f4me d&rsquo;\u00e9tat AEPE Accompagnant \u00c9ducatif Petite Enfance (mention tr\u00e8s bien)<br>&#8211; Formation 1er secours (protection civile)<\/p>\n\n\n\n<p><strong>Activit\u00e9s et \u00e9veil<\/strong> <br>&#8211; Module \u00ab Activit\u00e9s adapt\u00e9es aux enfants selon leur \u00e2ge \u00bb <br>&#8211; Module \u00ab Contes et histoires \u00e0 raconter \u00bb <br>&#8211; Module \u00ab \u00c9veil des enfants: le jeu sous toutes ses formes \u00bb<br>&#8211; Module \u00ab \u00c9veil musical et artistique \u00bb<\/p>\n\n\n\n<p><strong>D\u00e9veloppement du langage<\/strong> <br>&#8211; Module \u00ab Parler avec un mot et un signe niveau 1 \u00bb <br>&#8211; Module \u00ab Parler avec un mot et un signe niveau 2 \u00bb<br>&#8211; Module \u00ab Se rep\u00e9rer dans les troubles du spectre de l&rsquo;autisme chez l&rsquo;enfant \u00bb <br>&#8211; Module \u00ab Troubles du langage \u00bb<br>&#8211; Module \u00ab \u00c9tats de sant\u00e9 de l&rsquo;enfant \u00bb<\/p>\n\n\n\n<p><strong>P\u00e9dagogies plurielles<\/strong> <br>&#8211; \u00ab P\u00e9dagogie Montessori \u00bb &#8211; Module 0-3 ans Centre Nascita d&rsquo;Angers<br>&#8211; \u00ab P\u00e9dagogie Montessori \u00bb &#8211; Module 3-6 ans Centre Nascita d&rsquo;Angers<br>&#8211; Module \u00ab Approches p\u00e9dagogies plurielles: penser ses pratiques autrement \u00bb (p\u00e9dagogie par la Nature, Reggio, Rudolf Steiner &#8211; Waldorf, Decroly, Stern, Pikler Loczy) <br>&#8211; Module \u00ab Approche Snoezelen petite enfance \u00bb &#8211; Titre ADVF CCP3 mention<\/p>\n\n\n\n<hr class=\"wp-block-separator\"\/>\n\n\n\n<h4 id=\"accompagnement-a-la-parentalite\"><strong>Accompagnement \u00e0 la parentalit\u00e9<\/strong><\/h4>\n\n\n\n<p>Parall\u00e8lement \u00e0 mon m\u00e9tier d&rsquo;assistante maternelle, je suis \u00e9galement accompagnante \u00e0 la parentalit\u00e9 : <br>&#8211; Instructrice en massage b\u00e9b\u00e9 &amp; enfant ( ateliers parents-b\u00e9b\u00e9s-enfants ) <br>&#8211; Instructrice en Yoga b\u00e9b\u00e9 &#8211; enfant &amp; r\u00e9flexologie affective<br><\/p>\n\n\n\n<hr class=\"wp-block-separator\"\/>\n\n\n\n<h4 id=\"block-23ab636b-319e-4a6c-9623-f5af46563bef\"><br>Ma m\u00e9thode et mes valeurs<\/h4>\n\n\n\n<p id=\"block-1b97d813-02d1-4079-a0bf-dec611429368\"><img style=\"width: 30px;\" src=\"https:\/\/virginie.gonnord.com\/wp-content\/uploads\/2022\/02\/house.png\" alt=\"\"> Lieu d\u2019accueil particuli\u00e8rement adapt\u00e9 aux enfants. Environnement \u00e9pur\u00e9, \u00e0 la taille de l\u2019enfant.<br>Propice et ad\u00e9quat qui r\u00e9pond aux besoins de l&rsquo;enfant.<br><img style=\"width: 30px;\" src=\"https:\/\/virginie.gonnord.com\/wp-content\/uploads\/2022\/02\/jouets.png\" alt=\"\"> Plusieurs espaces d&rsquo;\u00e9veil (espace b\u00e9b\u00e9, espace 9\/18 mois et 18\/36 mois) qui offrent \u00e0 l\u2019enfant tout ce dont il a besoin pour se d\u00e9velopper selon son \u00e2ge et \u00e0 son rythme.<\/p>\n\n\n\n<p id=\"block-823d33d8-02be-4d31-8e6e-1b91f3aa28b9\">L&rsquo;enfant va pouvoir manipuler avec ses mains, ses sens, son esprit. Explorer le monde qui l&rsquo;entoure et gagner en confiance, en autonomie, d\u00e9velopper le respect de l\u2019autre, le respect de l\u2019environnement, le sens des responsabilit\u00e9s par le biais d&rsquo;une action ordonn\u00e9e.<\/p>\n\n\n\n<p id=\"block-3d3f238e-f27a-4748-be68-e3d916f61c8f\"><img src=\"https:\/\/virginie.gonnord.com\/wp-content\/uploads\/2021\/11\/baby-boy.png\" alt=\"\" style=\"width: 30px;\"> Le b\u00e9b\u00e9 est accueilli ici en tant que personne, avec son identit\u00e9 propre, sa personnalit\u00e9, son caract\u00e8re. Il est re\u00e7u comme j&rsquo;accueillerai mon \u00ab&nbsp;invit\u00e9&nbsp;\u00bb, dans le plus grand <strong>confort<\/strong>, pour qu\u2019il se sente bien, comme chez lui, avec un immense <strong>respect<\/strong>.<\/p>\n\n\n\n<p id=\"block-e1832d37-67cc-4568-a4db-8ac055a0cb70\">La p\u00e9riode de la naissance \u00e0 3 ans est une p\u00e9riode importante. A cet \u00e2ge, l\u2019enfant \u00e0 un esprit absorbant, il absorbe tout comme une \u00e9ponge.<\/p>\n\n\n\n<p id=\"block-47b6c769-6d12-401f-a3a0-2694f9f6e0f5\">Il est primordial que l\u2019adulte pose un <strong>regard bienveillant<\/strong> sur l\u2019enfant ; un regard bas\u00e9 sur l\u2019<strong>\u00e9coute active<\/strong>, l\u2019<strong>empathie<\/strong>, l\u2019<strong>accueil des \u00e9motions<\/strong>. Un regard toujours pr\u00eat \u00e0 voir ce qu\u2019il y a de bon et de bien chez l\u2019enfant, ce qu\u2019il y a de positif, avec un cadre rassurant pour se sentir s\u00e9curis\u00e9.<\/p>\n\n\n\n<p id=\"block-68cf1413-1271-4a12-9542-f9ee9612e1c6\"><img src=\"https:\/\/virginie.gonnord.com\/wp-content\/uploads\/2022\/02\/mains2.png\" alt=\"\" style=\"width: 30px;\"> Formation au <strong>langage des signes<\/strong> associ\u00e9 \u00e0 la parole <strong>avec<\/strong> les <strong>b\u00e9b\u00e9s<\/strong> afin de mieux communiquer avec les enfants non verbaux, le temps qu\u2019ils acqui\u00e8rent le langage. Un merveilleux outil au quotidien que je transmet avec grand plaisir aux familles !<\/p>\n\n\n\n<p id=\"block-bf0bfb55-d49a-4590-ba28-377070377e1d\"><img src=\"https:\/\/virginie.gonnord.com\/wp-content\/uploads\/2021\/11\/cropped-crawl.png\" alt=\"\" style=\"width: 30px;\"> Principe de la <strong>motricit\u00e9 libre<\/strong>. Laisser \u00e0 l\u2019enfant une motricit\u00e9 libre, c\u2019est lui permettre une totale libert\u00e9 de mouvement afin qu\u2019il d\u00e9couvre son corps et son environnement, c&rsquo;est le <strong>respect de son rythme d\u2019apprentissage<\/strong>.<\/p>\n\n\n\n<p id=\"block-479e4bd3-fc45-44d6-8eb3-5ddb174eddf8\"><img src=\"https:\/\/virginie.gonnord.com\/wp-content\/uploads\/2021\/11\/main.png\" alt=\"\" style=\"width: 30px;\"> Participation aux matin\u00e9es d&rsquo;\u00e9veil du RPE (Relais petite enfance), d\u00e9couverte de la nature, \u00e0 pied ou en poussette et dans le respect du rythme de sommeil des enfants.<\/p>\n\n\n\n<p id=\"block-78d0b10b-1ddc-415e-8927-d663fd9caf2e\">Au final, vous l\u2019aurez bien compris, la cl\u00e9 est d\u2019y mettre toute son \u00e2me, donner tout son c\u0153ur \u00e0 l\u2019enfant, pour que plus tard, lui-m\u00eame soit capable de donner le sien au monde qui l\u2019entoure !<\/p>\n\n\n\n<h4 id=\"des-rencontres-passionnantes\"><strong>Des rencontres passionnantes<\/strong> &#8230;<\/h4>\n\n\n\n<div class=\"wp-block-media-text alignwide is-stacked-on-mobile\" style=\"grid-template-columns:30% auto\"><figure class=\"wp-block-media-text__media\"><img loading=\"lazy\" width=\"150\" height=\"150\" src=\"https:\/\/virginie.gonnord.com\/wp-content\/uploads\/2022\/02\/Petite-enfance-conference-150x150.jpg\" alt=\"\" class=\"wp-image-792 size-thumbnail\" srcset=\"https:\/\/virginie.gonnord.com\/wp-content\/uploads\/2022\/02\/Petite-enfance-conference-150x150.jpg 150w, https:\/\/virginie.gonnord.com\/wp-content\/uploads\/2022\/02\/Petite-enfance-conference-300x300.jpg 300w, https:\/\/virginie.gonnord.com\/wp-content\/uploads\/2022\/02\/Petite-enfance-conference-1024x1024.jpg 1024w, https:\/\/virginie.gonnord.com\/wp-content\/uploads\/2022\/02\/Petite-enfance-conference-768x768.jpg 768w, https:\/\/virginie.gonnord.com\/wp-content\/uploads\/2022\/02\/Petite-enfance-conference-1536x1536.jpg 1536w, https:\/\/virginie.gonnord.com\/wp-content\/uploads\/2022\/02\/Petite-enfance-conference-67x67.jpg 67w, https:\/\/virginie.gonnord.com\/wp-content\/uploads\/2022\/02\/Petite-enfance-conference.jpg 1701w\" sizes=\"(max-width: 150px) 100vw, 150px\" \/><\/figure><div class=\"wp-block-media-text__content\">\n<p class=\"has-text-align-center has-medium-font-size\">Jean Epstein &#8211; 2021 &#8211;<br>Conf\u00e9rence au Poir\u00e9 sur vie<\/p>\n<\/div><\/div>\n","protected":false},"excerpt":{"rendered":"<p>22 ans d&rsquo;exp\u00e9rience au service des familles \u00ab&nbsp;Une personne dynamique, cr\u00e9ative, au regard bienveillant, qui r\u00e9pond parfaitement au besoins des enfants \u00e0 travers diverses activit\u00e9s&hellip;<\/p>\n","protected":false},"author":1,"featured_media":0,"parent":0,"menu_order":0,"comment_status":"closed","ping_status":"closed","template":"","meta":[],"aioseo_notices":[],"_links":{"self":[{"href":"https:\/\/virginie.gonnord.com\/index.php\/wp-json\/wp\/v2\/pages\/547"}],"collection":[{"href":"https:\/\/virginie.gonnord.com\/index.php\/wp-json\/wp\/v2\/pages"}],"about":[{"href":"https:\/\/virginie.gonnord.com\/index.php\/wp-json\/wp\/v2\/types\/page"}],"author":[{"embeddable":true,"href":"https:\/\/virginie.gonnord.com\/index.php\/wp-json\/wp\/v2\/users\/1"}],"replies":[{"embeddable":true,"href":"https:\/\/virginie.gonnord.com\/index.php\/wp-json\/wp\/v2\/comments?post=547"}],"version-history":[{"count":28,"href":"https:\/\/virginie.gonnord.com\/index.php\/wp-json\/wp\/v2\/pages\/547\/revisions"}],"predecessor-version":[{"id":1548,"href":"https:\/\/virginie.gonnord.com\/index.php\/wp-json\/wp\/v2\/pages\/547\/revisions\/1548"}],"wp:attachment":[{"href":"https:\/\/virginie.gonnord.com\/index.php\/wp-json\/wp\/v2\/media?parent=547"}],"curies":[{"name":"wp","href":"https:\/\/api.w.org\/{rel}","templated":true}]}}